tors of 64498925.
5, 43, 59999
List the prime factors of 70333509.
3, 43, 709, 769
List the prime factors of 160717209.
3, 53572403
What are the prime factors of 144530549?
17, 19, 447463
What are the prime factors of 2911081?
2911081
List the prime factors of 76338733.
37, 397, 5197
List the prime factors of 3916511769.
3, 1305503923
What are the prime factors of 43358606?
2, 21679303
What are the prime factors of 229036100?
2, 5, 487, 4703
List the prime factors of 781525539.
3, 107, 811553
List the prime factors of 84350620.
2, 5, 4217531
What are the prime factors of 2722658567?
61, 44633747
List the prime factors of 3083257675.
5, 31, 151, 26347
What are the prime factors of 90565029?
3, 1097, 9173
List the prime factors of 2393929444.
2, 911, 656951
What are the prime factors of 59968610?
2, 5, 13, 461297
List the prime factors of 12088298.
2, 6044149
What are the prime factors of 717547006?
2, 11, 32615773
What are the prime factors of 6637777?
23, 41, 7039
List the prime factors of 1583503475.
5, 63340139
What are the prime factors of 1305910321?
97, 13462993
List the prime factors of 4814105.
5, 59, 16319
List the prime factors of 12073240.
2, 5, 301831
List the prime factors of 116059261.
229, 506809
What are the prime factors of 1624390192?
2, 163, 622849
List the prime factors of 263980551.
3, 1447, 60811
What are the prime factors of 14135334?
2, 3, 2355889
List the prime factors of 274834100.
2, 5, 739, 3719
List the prime factors of 150183438.
2, 3, 59, 424247
List the prime factors of 96490717.
191, 505187
What are the prime factors of 114705332?
2, 7, 31, 103, 1283
What are the prime factors of 3632133863?
97, 37444679
What are the prime factors of 275286595?
5, 61, 902579
What are the prime factors of 24214036?
2, 7, 11, 1021
What are the prime factors of 3609206642?
2, 61, 29583661
What are the prime factors of 1251223906?
2, 625611953
List the prime factors of 142876299.
3, 23, 233, 8887
List the prime factors of 145699405.
5, 953, 30577
What are the prime factors of 591970808?
2, 11, 13, 517457
What are the prime factors of 39235952?
2, 7, 43, 8147
What are the prime factors of 725560603?
7477, 97039
List the prime factors of 105253344.
2, 3, 7, 5801
List the prime factors of 2464670190.
2, 3, 5, 31, 2650183
What are the prime factors of 101458108?
2, 17, 41, 151, 241
What are the prime factors of 107353851?
3, 11, 3253147
List the prime factors of 3790228813.
7, 19, 1913, 14897
What are the prime factors of 31652559?
3, 1172317
What are the prime factors of 168415043?
168415043
List the prime factors of 1938097540.
2, 5, 1423, 68099
List the prime factors of 217680431.
491, 443341
What are the prime factors of 316339575?
3, 5, 101, 41761
List the prime factors of 88221918.
2, 3, 599, 24547
List the prime factors of 35050922.
2, 3221, 5441
List the prime factors of 1868461424.
2, 6547, 17837
What are the prime factors of 181987852?
2, 19, 617, 3881
What are the prime factors of 292671935?
5, 58534387
List the prime factors of 700679823.
3, 89, 2624269
List the prime factors of 530168008.
2, 439, 150959
What are the prime factors of 31366957?
223, 140659
List the prime factors of 136314069.
3, 3463, 13121
List the prime factors of 440356145.
5, 401, 219629
List the prime factors of 125975972.
2, 37, 359, 2371
List the prime factors of 144395382.
2, 3, 17, 83273
What are the prime factors of 353639212?
2, 88409803
What are the prime factors of 122644774?
2, 7, 8760341
What are the prime factors of 7184599?
1213, 5923
List the prime factors of 219253859.
11, 19932169
What are the prime factors of 2938484795?
5, 863, 680993
What are the prime factors of 222012388?
2, 13, 4269469
List the prime factors of 2449522316.
2, 17, 229, 157303
What are the prime factors of 189252585?
3, 5, 17, 82463
List the prime factors of 457344491.
457344491
List the prime factors of 1450532.
2, 362633
List the prime factors of 252390694.
2, 491, 257017
List the prime factors of 109274401.
109274401
What are the prime factors of 126396742?
2, 63198371
What are the prime factors of 1498056479?
1498056479
List the prime factors of 78433878.
2, 3, 13072313
List the prime factors of 67183331.
67183331
What are the prime factors of 6054727720?
2, 5, 19, 7966747
What are the prime factors of 1953926502?
2, 3, 11, 61, 317, 1531
List the prime factors of 350211644.
2, 127, 689393
List the prime factors of 275137928.
2, 13, 17, 155621
List the prime factors of 2216080094.
2, 41, 3041, 8887
List the prime factors of 3606450953.
7, 47, 233231
List the prime factors of 1658523091.
19, 181, 419, 1151
What are the prime factors of 84898838?
2, 277, 153247
What are the prime factors of 144450872?
2, 41, 440399
What are the prime factors of 53231669?
127, 419147
What are the prime factors of 277244828?
2, 7, 9901601
List the prime factors of 983568717.
3, 107, 340453
What are the prime factors of 8400574?
2, 7, 13, 101, 457
List the prime factors of 76871892.
2, 3, 17, 376823
List the prime factors of 28032544.
2, 876017
List the prime factors of 2428667.
2428667
What are the prime factors of 10215709?
7, 31, 179, 263
List the prime factors of 38197122.
2, 3, 6366187
What are the prime factors of 71966175?
3, 5, 397, 2417
List the prime factors of 1213895491.
1213895491
What are the prime factors of 5093174432?
2, 17, 151, 62003
What are the prime factors of 159047968?
2, 4970249
What are the prime factors of 96970101?
3, 2963, 10909
List the prime factors of 21295553.
21295553
List the prime factors of 200116745.
5, 593, 67493
List the prime factors of 28672898.
2, 167, 85847
What are the prime factors of 1300978866?
2, 3, 11, 71, 313, 887
What are the prime factors of 18332471?
3457, 5303
What are the prime factors of 1130394?
2, 3, 293, 643
List the prime factors of 37656576.
2, 3, 227
What are the prime factors of 147593995?
5, 19, 439, 3539
List the prime factors of 2267168537.
107, 3331, 6361
List the prime factors of 4322649722.
2, 89, 24284549
What are the prime factors of 18805491?
3, 43, 48593
What are the prime factors of 375531625?
5, 7, 163, 2633
List the prime factors of 248630425.
5, 59, 2857
List the prime factors of 2661141028.
2, 7, 13, 7310827
List the prime factors of 112167989.
17, 6598117
What are the prime factors of 23762092?
2, 113, 52571
What are the prime factors of 621501218?
2, 13, 1838761
What are the prime factors of 120958205?
5, 24191641
What are the prime factors of 1315423090?
2, 5, 41, 1367, 2347
List the prime factors of 1091124096.
2, 3, 19, 149551
What are the prime factors of 21145749?
3, 7048583
List the prime factors of 69788503.
107, 652229
List the prime factors of 133913339.
7, 41, 457, 1021
List the prime factors of 479819105.
5, 41, 2340581
List the prime factors of 19215547.
13, 1478119
List the prime factors of 143266086.
2, 3, 7959227
List the prime factors of 601864775.
5, 24074591
What are the prime factors of 83315993?
1831, 45503
What are the prime factors of 1556567290?
2, 5, 5689, 27361
What are the prime factors of 25308135?
3, 5, 562403
What are the prime factors of 569122606?
2, 13, 823, 26597
What are the prime factors of 13075296?
2, 3, 13, 10477
What are the prime factors of 15093664?
2, 471677
List the prime factors of 890634749.
109, 8170961
What are the prime factors of 1190412532?
2, 29, 41, 229, 1093
What are the prime factors of 2266702389?
3, 7, 383, 93941
What are the prime factors of 133790450?
2, 5, 79, 33871
What are the prime factors of 841460733?
3, 19, 107, 45989
List the prime factors of 3869761028.
2, 7, 4789, 28859
What are the prime factors of 437336264?
2, 54667033
List the prime factors of 58356428.
2, 13, 23, 59, 827
List the prime factors of 4629555775.
5, 13, 241, 59107
List the prime factors of 60345407.
60345407
List the prime factors of 33130327.
23, 1440449
List the prime factors of 25414768.
2, 1588423
What are the prime factors of 64060156?
2, 1709, 9371
What are the prime factors of 226248240?
2, 3, 5, 17, 23, 2411
List the prime factors of 203980532.
2, 7, 1040717
List the prime factors of 1645222525.
5, 983, 66947
What are the prime factors of 202287958?
2, 31, 659, 4951
List the prime factors of 7247953664.
2, 7, 4044617
What are the prime factors of 4896969718?
2, 